{"id":5,"date":"2020-10-22T22:29:46","date_gmt":"2020-10-22T20:29:46","guid":{"rendered":"http:\/\/laparoleguerit.fr\/?page_id=5"},"modified":"2026-01-05T18:25:09","modified_gmt":"2026-01-05T17:25:09","slug":"qui-je-suis","status":"publish","type":"page","link":"http:\/\/laparoleguerit.fr\/?page_id=5","title":{"rendered":"Qui je suis"},"content":{"rendered":"\n<p>Je m&rsquo;appelle Florence Dubois-Taine, je suis mari\u00e9e et j&rsquo;ai 3 grands gar\u00e7ons adultes, dont deux sont mari\u00e9s. <\/p>\n\n\n<div class=\"wp-block-image\">\n<figure class=\"alignleft is-resized\"><img loading=\"lazy\" src=\"http:\/\/florence-et-benoit-dubois-taine.fr\/wp-content\/uploads\/2020\/10\/Photo-2-1.png\" alt=\"\" class=\"wp-image-520\" width=\"232\" height=\"235\"\/><\/figure><\/div>\n\n\n<p>J&rsquo;ai une carri\u00e8re professionnelle bien remplie, salari\u00e9e dans des grandes entreprises, consultante dans des petites, chef d&rsquo;entreprise, coach et formatrice en management, etc&#8230; De ces exp\u00e9riences est n\u00e9e ma passion pour l&rsquo;analyse et l&rsquo;intervention sur les syst\u00e8mes humains et sur les relations entre les personnes. Et c&rsquo;est une des raisons qui m&rsquo;a conduit \u00e0 m&rsquo;int\u00e9resser au \u00ab\u00a0syst\u00e8me couple\u00a0\u00bb ; j&rsquo;en ai d\u00e9sormais fait le centre de toutes mes activit\u00e9s.<\/p>\n\n\n\n<p>Je suis randonneuse ; avec mon mari, d\u00e8s qu&rsquo;il fait un temps correct, nous nous r\u00eavons sur les chemins&#8230;<\/p>\n\n\n\n<p>Je me suis form\u00e9e et me forme encore, \u00e0 l&rsquo;approche \u00ab\u00a0syst\u00e9mique\u00a0\u00bb, et \u00e0 l&rsquo;accompagnement des couples.<\/p>\n\n\n\n<p>J&rsquo;essaie \u00e0 travers ce site de rendre compte de ce que je suis et de ce que je fais de la mani\u00e8re la plus claire possible, esp\u00e9rant surtout vous faire sentir que les deux sont en coh\u00e9rence. <\/p>\n","protected":false},"excerpt":{"rendered":"<p>Je m&rsquo;appelle Florence Dubois-Taine, je suis mari\u00e9e et j&rsquo;ai 3 grands gar\u00e7ons adultes, dont deux sont mari\u00e9s. J&rsquo;ai une carri\u00e8re professionnelle bien remplie, salari\u00e9e dans des grandes entreprises, consultante dans des petites, chef d&rsquo;entreprise, coach et formatrice en management, etc&#8230; De ces exp\u00e9riences est n\u00e9e ma passion pour l&rsquo;analyse et l&rsquo;intervention sur les syst\u00e8mes humains &hellip; <\/p>\n<p class=\"link-more\"><a href=\"http:\/\/laparoleguerit.fr\/?page_id=5\" class=\"more-link\">Continuer la lecture<span class=\"screen-reader-text\"> de &laquo;&nbsp;Qui je suis&nbsp;&raquo;<\/span><\/a><\/p>\n","protected":false},"author":2,"featured_media":0,"parent":0,"menu_order":0,"comment_status":"closed","ping_status":"closed","template":"","meta":[],"aioseo_notices":[],"_links":{"self":[{"href":"http:\/\/laparoleguerit.fr\/index.php?rest_route=\/wp\/v2\/pages\/5"}],"collection":[{"href":"http:\/\/laparoleguerit.fr\/index.php?rest_route=\/wp\/v2\/pages"}],"about":[{"href":"http:\/\/laparoleguerit.fr\/index.php?rest_route=\/wp\/v2\/types\/page"}],"author":[{"embeddable":true,"href":"http:\/\/laparoleguerit.fr\/index.php?rest_route=\/wp\/v2\/users\/2"}],"replies":[{"embeddable":true,"href":"http:\/\/laparoleguerit.fr\/index.php?rest_route=%2Fwp%2Fv2%2Fcomments&post=5"}],"version-history":[{"count":4,"href":"http:\/\/laparoleguerit.fr\/index.php?rest_route=\/wp\/v2\/pages\/5\/revisions"}],"predecessor-version":[{"id":193,"href":"http:\/\/laparoleguerit.fr\/index.php?rest_route=\/wp\/v2\/pages\/5\/revisions\/193"}],"wp:attachment":[{"href":"http:\/\/laparoleguerit.fr\/index.php?rest_route=%2Fwp%2Fv2%2Fmedia&parent=5"}],"curies":[{"name":"wp","href":"https:\/\/api.w.org\/{rel}","templated":true}]}}